+ n = 97502. Is m a composite number?
False
Suppose 0 = -3*a + 15, 2*u - 3*a - 2639 = -0*u. Is u composite?
False
Let w(p) = -p**3 - 3*p**2 + 9*p + 7615. Let v be w(0). Suppose -29095 = -10*c + v. Is c prime?
True
Suppose 2*t + 2687640 = 4*p + 4*t, 0 = p + 2*t - 671913. Is p composite?
True
Suppose -4*w + 11186 = 5*k, -340*k = -344*k + 4*w + 8920. Suppose 0 = -2*o - 259 - 407. Let b = k + o. Is b composite?
False
Is ((-45051)/5*(-5)/2)/((-174)/(-2668)) a composite number?
True
Let v(j) = -17*j**2 + 40*j - 29. Let m(n) = 3*n**2 - n - 1. Let s(d) = -3*m(d) - v(d). Is s(14) a prime number?
False
Let o = -285930 + 498875. Is o a composite number?
True
Suppose 5*j + 163*i - 162*i - 61449 = 0, 24590 = 2*j + 3*i. Is j a prime number?
True
Suppose -63795 = -3*r + 2*o + 8664, -120778 = -5*r - o. Suppose -8*t + r = -3*t. Is t composite?
False
Let g = 29 + -15. Suppose 6 = -2*r + g. Suppose r*t - 326 = -3*x + 5*x, t = -5*x + 98. Is t composite?
False
Suppose 17889 = 22*c - 2285679 - 1182508. Is c a composite number?
True
Let m(k) = 742499*k**2 - 3*k + 7. Is m(1) a composite number?
True
Suppose -271368 = -7*b + 273610. Suppose -l = 13*l - b. Is l a prime number?
False
Is ((-6)/((-18)/21) - -63106) + 0 composite?
False
Suppose -13*o + 50*o = -89*o + 118700442. Is o a prime number?
False
Let u be 49*(-4 - (1 + 26)). Let g = u + 2360. Is g composite?
True
Let q = 220 - 195. Suppose -20*n + q*n - 78265 = 0. Is n prime?
False
Suppose -4*k - 11 = 81. Let t = 26 + k. Suppose 85 = t*b - 2*b. Is b composite?
True
Let j(k) = -11*k**3 + 7*k**2 - 478*k + 35. Is j(-42) a prime number?
False
Let j be -2*1/(2/3). Is (-3)/(j/2) - -2049 a composite number?
True
Let y(x) be the first derivative of 1367*x**3/3 - 11*x**2 + 47*x + 198. Is y(2) a composite number?
False
Let h = -60 + 40. Let o be 22/(-1 + 0)*h/40. Suppose 16*k - 3205 = o*k. Is k prime?
True
Let j(i) = i**3 - 14*i**2 - 14*i - 10. Let f be j(15). Suppose -f*r = -7981 - 26569. Suppose -14*c + r = -4*c. Is c prime?
True
Suppose 6*h = -5*a + 1839676, 3*a + 613216 = 5*h - 3*h. Is h prime?
False
Suppose 4*v = 1174 + 154. Suppose -24*q = 486 - 35646. Suppose l - q = v. Is l a prime number?
False
Let j be (-6)/9 - (-17)/3. Let g(u) = 5*u**3 - j*u + 2*u + 8 + 18*u**2 - 3*u**3. Is g(-9) prime?
False
Let x(n) be the second derivative of n**5/20 - 7*n**4/3 - 5*n**3/6 + 7*n**2/2 - 115*n. Is x(30) a composite number?
False
Suppose 0 = -2552*f + 2556*f - 563284. Is f a composite number?
True
Suppose -47*r + 41*r + 54 = 0. Suppose -5180 = -r*j - j. Let z = j + -307. Is z prime?
True
Let c(g) be the third derivative of -g**5/60 + g**4/6 + 79*g**3/6 - 39*g**2. Is c(0) prime?
True
Suppose 0 = -12*w + 17*w - 47015. Let c = 871 + 521. Suppose 5*a = w + c. Is a prime?
False
Is 1950/6 + -1 - (-20 + 18) prime?
False
Let a = 12676 + 74703. Is a composite?
True
Suppose n + 2*f = 13181, 5*f - 4*f = 5*n - 65861. Is n a prime number?
False
Suppose 5*h - 1816 = -t - 0*t, 8960 = 5*t + h. Let k = t + -1150. Is k a prime number?
True
Suppose 2*h - 2*v - 10 = 0, 5*v - 2 + 3 = -h. Suppose h*g - 502 = z - 6*z, 5*z + 3*g - 499 = 0. Let d = z - -381. Is d a prime number?
True
Let q be ((-6)/(-9)*-3 + 3)*7. Is 0/(q + -11) - 1*-211 a composite number?
False
Let g(k) be the second derivative of -18*k**3 - 101*k**2/2 - 2*k + 23. Is g(-36) a composite number?
True
Suppose -26*v = 4*d - 23*v - 7471823, v - 9 = 0. Is d prime?
True
Is ((-17728192)/96)/((-6)/9) composite?
False
Let f(n) = -83*n + 3. Let p be f(1). Let b be 145*(p/25 + 2). Let t = b - -467. Is t a composite number?
False
Let f(v) = 694*v**3 - 29*v**2 + 92*v + 19. Is f(4) prime?
False
Suppose 99*z + 3*i - 16723 = 98*z, 0 = 3*z + 3*i - 50193. Is z prime?
False
Suppose -1135893 = -17*m - 751310 + 1841176. Is m a composite number?
False
Let w(m) = -37*m**3 - 16*m**2 - 8*m - 16. Suppose -5*p - 44 + 14 = -t, -4*p = -4*t + 40. Is w(p) prime?
False
Let v = 1 + -1. Let t = 1733 - -4062. Suppose 3*j + 2*j - t = v. Is j prime?
False
Is (-72087273)/(-342)*(4 + -2) a prime number?
False
Suppose 136*t - 138*t = -5*d + 641595, -4*d - 5*t + 513309 = 0. Is d composite?
False
Let s be ((-8)/(-3))/(6/(-180)*-5). Suppose -s*o + 13*o + 2139 = 0. Let m = o - -1824. Is m prime?
False
Let u = -385 - -391. Is u/4*((-12079)/(-3) - -5) composite?
False
Suppose 4*s = -3*g + 311058, -20*s - 414700 = -4*g - 18*s. Is g composite?
True
Let d = 531960 - 299317. Is d prime?
True
Let b(k) = k**2 - 7*k + 18. Let j be b(4). Is 0 + 748 + -11 + j prime?
True
Let n = -121361 - -309648. Is n composite?
True
Suppose t = 2*t - 3*h - 8, 4*h = 2*t - 14. Let p(d) = 3*d - 8. Let y be p(t). Suppose -y*c - 5649 = -14*c. Is c composite?
True
Suppose -10*c + 50909 = -166121. Is c prime?
False
Suppose 78 = 56*y - 53*y. Let v be 93/4 + 4/(-16). Suppose -y*d = -v*d - 4413. Is d prime?
True
Suppose 7 = l + 18. Is (10 + l)/(2/(-226)) a prime number?
True
Let s = 54580 - -21303. Is s a composite number?
False
Is (1 + 92484/15)/(3/15) prime?
False
Let m = 58 - 52. Is (((-2)/4)/(m/91092))/(-1) prime?
True
Let h(w) = w**3 + 9*w**2 + 22*w + 22. Let o be h(-6). Is -4 - -8 - (-2 - o) - -7503 composite?
False
Let s(f) = 5191*f - 191. Let m(i) = -2596*i + 94. Let c(r) = -7*m(r) - 3*s(r). Is c(2) composite?
False
Suppose -b - 3*r + 8661 = 0, 3*b - 30132 = 5*r - 4205. Suppose -29*m = b - 56702. Is m a composite number?
False
Let o = 26618 + -4103. Let v(t) = 129*t**3 + 4*t**2 - 6*t + 1. Let y be v(-5). Let k = o + y. Is k prime?
True
Let d(l) = -l**3 - 21*l**2 - 21*l - 21. Let w(t) = t**2 - 9*t - 30. Let h be w(10). Let j be d(h). Is 0 - j - (-1112)/2 composite?
False
Let r be -3*(-4)/(-30) + 4035762/30. Suppose w = -3*y + 26897, -7*w + 12*w - 5*y = r. Is w a prime number?
True
Let h be ((-18)/(3 - 0))/(12/54). Let d = 27 + h. Suppose -2*n + 5*n - 2313 = d. Is n a composite number?
True
Is (734/(-1101))/(4/(-894)) a prime number?
True
Suppose -1 = 4*b + 7. Is ((-122)/183)/(b/22827) a composite number?
True
Suppose -27*p = -4*d - 29*p + 311030, -5*p + 311021 = 4*d. Is d composite?
True
Suppose 28281 + 15234 = 9*q. Suppose 0 = -8*x + 13*x - q. Is x a composite number?
False
Suppose 4*z - 4006 = -2*v + 8*z, -5*v + z + 9970 = 0. Suppose -k - 5*c + 410 = 0, -57 = -5*k - 2*c + v. Suppose 10*t - k - 480 = 0. Is t a composite number?
False
Let v(x) = 346*x**2 + 105*x + 5254. Is v(-101) a prime number?
False
Suppose 1733 = -f - 38980. Let v = 568 - f. Is v a prime number?
True
Is ((-2)/(-4))/((-20)/(-6905040)) + (-33 - -26) composite?
False
Let k(g) = 28*g**3 + 6*g**2 - 7. Let i be k(4). Suppose -4*x = 5*f - 0*x - 17232, 5*f = 2*x + 17244. Let j = f - i. Is j prime?
True
Let k(c) = 3*c**2 - 63*c + 365. Is k(42) composite?
False
Let f = -10 - -12. Let q be (1 - 1) + f + -578 + -1. Let v = q + 1078. Is v prime?
False
Let u = -21 + 15. Is (-3033)/u*(-4)/(-3) a composite number?
True
Is (10/(-45))/(7*(-18)/33505731) prime?
True
Let m(n) = 4*n**2 - 26*n + 21. Let d be ((-7)/(-21)*-1)/((-1)/48). Let z be m(d). Suppose 0 = 6*o - 7*o + z. Is o a prime number?
False
Let z(i) be the third derivative of 0 + 0*i - 2/3*i**3 + 1/24*i**4 + 1/30*i**5 - 40*i**2. Is z(-3) a composite number?
False
Suppose 2*a - 18 + 8 = 0. Suppose 2*w = -2*d + 2200, -5*w - a*d = -2*d - 5494. Is w a composite number?
False
Suppose 6*o + o = -2373. Let h = o - -74. Let y = h + 414. Is y prime?
True
Suppose 0 = -47*f + 4928861 + 1551269 - 1603927. Is f a composite number?
True
Let q(p) = 5522*p**2 - 499*p - 5. Is q(8) composite?
False
Let r be (-48)/(-22) + -2 + 423/33. Let v(n) = 4*n + 40. Let f be v(r). Let i = -59 + f. Is i a prime number?
False
Let f(o) be the third derivative of o**6/24 + o**5/20 - o**4/12 - 13*o**3/6 - 2*o**2. Suppose -11*v + 77 = 33. Is f(v) prime?
True
Let r be ((-1328)/(-24))/((-2)/(-306)). Let k = r + -4623. Suppose 0 = -3*d - 3*i + k, -16 = -3*i - i. Is d a composite number?
False
Let h = -123 - -113. Is -4 + h/(-20) + (-9186)/(-4) a composite number?
False
Let o = 10132 + 11957. Suppose 20133 = 6*p - o. Is p prime?
False
Suppose 4 = -0*p - 4*p + 3*k, -5*k = 5*p + 5. Let q be -2*(1 + p + 1/(-2)). Is 2434 + q - (5 - 7) a prime number?
True
Suppose 0 = 55*k - 53*k - 18. Is (k*762/(-45))/(6/(-15)) a prime number?
False
Let s(z) = 9408*z - 887. Is s(3) a composite number?
F